 + 4. Let y = 7 - 4. Calculate the remainder when m(-3) is divided by 12 - (2 - y - 0).
12
Suppose 4*h - 115 = 221. Suppose -2*a + b = -30, 4*a + 2*b - h = -2*b. Let p = 57 + -8. What is the remainder when p is divided by a?
15
Let g(i) = -4*i - 5. Calculate the remainder when 45 is divided by g(-7).
22
Let j(h) = h**3 + 3*h**2 - h + 1. Let l = 8 + -6. Suppose -l*r = 0, -5*c - 10 = -3*r - r. Calculate the remainder when 25 is divided by j(c).
4
Let a = -33 + 48. Let u be 2/(-4)*6 - -5. Suppose -u*q = 2*q - 32. What is the remainder when a is divided by q?
7
Suppose -13 = -0*w - w. What is the remainder when 23 is divided by w?
10
Let n(b) = b**3 - 9*b**2 - 8*b - 11. Let p = 31 + -21. What is the remainder when n(p) is divided by 4?
1
Calculate the remainder when 74 is divided by (-228)/(12/(-3))*6/9.
36
Suppose -v + 3*v - 10 = 0. Suppose v*u - 75 = 195. Calculate the remainder when u is divided by 14.
12
Let a be (18/5)/((-9)/(-60)). Calculate the remainder when 5 is divided by a/(-16)*(-8)/6.
1
Suppose 0*q + 2 = -q. What is the remainder when 7 is divided by (1/q)/((-9)/72)?
3
Let f(s) = s. What is the remainder when 14 is divided by f(3)?
2
Let b = -138 - -169. Suppose -77 = -5*h + 2*u, -2*h + 15 + 3 = -4*u. What is the remainder when b is divided by h?
14
Let z(f) = 2*f**3 - 4*f**2 + 5*f - 3. Let g be z(3). Let v be (20/g)/(4/18). Let a = 15 + v. Calculate the remainder when a is divided by 10.
8
Let v be (-2)/7 - 4/(-14). Let n be (v - -7) + (-4 - -1). Suppose -j - 4*b + 9 + 9 = 0, -42 = -n*j - b. What is the remainder when j is divided by 6?
4
Let q = -19 - -181. Suppose 5*k = q - 57. Calculate the remainder when k is divided by 12.
9
Let i be -1 + (-21)/(-4 + 1). What is the remainder when (-2)/(-4)*(i - 4) is divided by 1?
0
Suppose -3*g + 14 = -4*g + 3*c, -2*c = -6. Let w = 2 - g. What is the remainder when 20 is divided by w?
6
Let k(z) be the third derivative of -z**6/120 + z**5/5 - 7*z**4/24 - 7*z**3/6 + z**2. What is the remainder when k(11) is divided by 10?
7
What is the remainder when 133 is divided by (-229)/(-5) - ((-93)/15 + 6)?
41
Let r = 10 + 47. Calculate the remainder when r is divided by 12.
9
Let w be -1*(-1 + 17)*-8. Suppose -w = 2*u - 4*u. What is the remainder when 31 is divided by (1*2)/(8/u)?
15
Let r = 17 + -2. Calculate the remainder when 25 is divided by r.
10
Let s be ((-52)/6)/(4/(-6)). Suppose -i = 3*b - b - s, 0 = 4*i + 3*b - 27. Suppose 8 + 2 = 5*m. What is the remainder when i is divided by m?
1
Suppose -w - w - 8 = 0. Let p(h) = 2*h**2 + 5*h + 6. What is the remainder when p(w) is divided by 5?
3
Let v = -9 - -11. What is the remainder when 7 is divided by v?
1
Let x(r) = -13*r - 4. Calculate the remainder when x(-7) is divided by 22.
21
Suppose l - 4*l = -24. Suppose 2*g - 176 = -4*i + 144, -4*g - i = -612. Calculate the remainder when (-2)/(-7) - g/(-7) is divided by l.
6
Let b = -62 - -101. Suppose -o = 4*o - 105. Calculate the remainder when b is divided by o.
18
Let d be (-1 + -12 + 0)*1. Let n(q) = 6*q**2 + q + 1. Let f be n(2). Let a = f + d. What is the remainder when a is divided by 5?
4
Let g be ((-3)/(3/(-10)))/1. Suppose 0 = 5*x - g - 30. Suppose 3*y = 15 + 27. Calculate the remainder when y is divided by x.
6
Suppose 6*g - 7*g + 9 = 0. Calculate the remainder when 35 is divided by g.
8
Suppose -63 = -3*k - c, k + c - 2*c - 25 = 0. Calculate the remainder when k is divided by 8.
6
Calculate the remainder when (-2)/4*116/(-2) is divided by 15/(-2)*(-5 + 3).
14
Let b be 60 - (0/(-2) + -3). Suppose -u - 16 + b = 0. Calculate the remainder when u is divided by 12.
11
Suppose -4 = w + 5*o - 6, -2*o = 0. Suppose -w*x = -0*x - 50. What is the remainder when x is divided by 9?
7
Suppose 13 = 2*k - 1. What is the remainder when k is divided by 2?
1
Calculate the remainder when 30/(-24)*(-15 + -1) is divided by 7.
6
Let x(i) = i + 9. Calculate the remainder when x(-4) is divided by 6/(-5)*25/(-10).
2
Let g(n) be the second derivative of n - 1/20*n**5 + 0 + 0*n**4 + 1/6*n**3 + 5*n**2. Calculate the remainder when 28 is divided by g(0).
8
Suppose 4*z = -12, 0 = 3*y + 5*z - 0 - 192. What is the remainder when y is divided by 18?
15
Suppose 9*p - 11*p = 4. Calculate the remainder when 28 - p - (1 + -1) is divided by 11.
8
Suppose 0 = 3*r + 5*f - 85, 15 = 2*f + f. What is the remainder when r is divided by 11?
9
Let u = 46 - 25. Calculate the remainder when u is divided by 8.
5
Let j(b) = 7*b**3 + b - 1. Let z be j(1). Let m be z*(1 - 0 - 2). Let p = 18 + m. Calculate the remainder when 31 is divided by p.
9
Suppose -2*h + 3*x = -6, h - 1 + 3 = 4*x. What is the remainder when 17 is divided by h?
5
Suppose 4*f - 3 - 13 = 0. Suppose 0*h + 2*r = -f*h + 26, 4*h + 5*r - 17 = 0. Calculate the remainder when 31 is divided by h.
7
Let z(d) = d**3 + 13*d**2 - 2*d - 19. Calculate the remainder when z(-13) is divided by 5.
2
Let x(l) = -l**3 - l**2 + l + 3. Let m = -15 + 35. What is the remainder when (m/8)/((-2)/(-4)) is divided by x(0)?
2
Suppose -5*f + 3 + 2 = -h, -2*f + 83 = 5*h. Suppose -p + 26 = -3*p. Let x = 21 + p. What is the remainder when h is divided by x?
7
Let n(c) = c + 12. What is the remainder when 17 is divided by n(-7)?
2
Let c(t) be the third derivative of t**4/12 + 5*t**3/6 + 12*t**2. Let y = -12 - -18. Calculate the remainder when 33 is divided by c(y).
16
Let n(x) = 2*x. What is the remainder when n(6) is divided by (-34)/(-119) - 33/(-7)?
2
Suppose 0 = -5*j - 15, -4*b + 5*j = j - 192. Calculate the remainder when b is divided by 24.
21
Let y = 40 + -20. What is the remainder when 36 is divided by y?
16
Let g(a) = -a + 4. What is the remainder when 30 is divided by g(-7)?
8
Let v(l) = 6 + 2 + 6 + l + 0*l. Let f = -18 + 12. Calculate the remainder when v(f) is divided by 5.
3
Suppose 0 = 2*l - 4*l + 3*r + 102, 5*r = 3*l - 153. Calculate the remainder when l is divided by 18.
15
Let o(k) = -3*k + 4 - 13*k - 5. Let g be o(-8). Suppose -3 + 50 = t + 2*y, 0 = 3*t - y - g. Calculate the remainder when t is divided by 15.
13
Calculate the remainder when 129 is divided by 2254/69 - (-2)/6.
30
Let t = -16 - -26. Suppose t = 5*b - 3*b. Let m(o) = -o**2 + 6*o + 1. What is the remainder when 16 is divided by m(b)?
4
Suppose -56 = 3*v - 7*v. Calculate the remainder when v is divided by 8.
6
Suppose 30 = -5*j + 5. Let n = j + 8. Suppose -n*m = -u - 21, -2*u = -3*m + u + 21. Calculate the remainder when 20 is divided by m.
6
Let h(f) = 8*f - 113. Calculate the remainder when 5*-1*(-52)/10 is divided by h(15).
5
Suppose 0 = 3*f - 2*y - 82, 0 = -2*f + 5*f + 2*y - 62. Calculate the remainder when f is divided by 13.
11
Suppose 0 = 6*z - 5*z - 84. Calculate the remainder when (z/(-2))/(9/(-6)) is divided by (-6)/(-33) + 326/22.
13
Suppose 3*t = 11 - 98. Let r = t - -62. Let d = -5 + r. Calculate the remainder when d is divided by 15.
13
Suppose 4*g - 14 = 4*h - 2*h, 4*g = h + 13. Suppose -4*q = -5*o + 81 + 80, -g*o + 98 = -q. Let k = o + -5. Calculate the remainder when k is divided by 10.
8
Suppose -5*t + 57 = 3*y, 2*t - 4*y - 2 + 0 = 0. Suppose -4*r + t*r - 30 = 0. Calculate the remainder when 10 is divided by r.
4
Suppose -m - 3*c = -102, -4*c + 408 = 2*m + 2*m. What is the remainder when m is divided by 26?
24
Let n be (-2)/(-5) + 140/25. Let u be (1 + -2)*18/n. Let l(c) = -9*c + 4. What is the remainder when l(u) is divided by 11?
9
Let g(a) = a**3 - 12*a**2 - 28*a + 19. Calculate the remainder when g(14) is divided by 7.
5
Let b(h) = h**3 + h + 46. What is the remainder when b(0) is divided by (-4 - -3) + 0 + 17?
14
What is the remainder when (-265)/(-25) + 2/5 is divided by 3?
2
Let p be (-2)/8 + 1/4. Suppose p = -4*z - b + 71, -5*z + 8*z - 66 = -5*b. What is the remainder when 49 is divided by z?
15
Let k(a) = -a**3 - 2*a**2 + 7*a + 6. Let y(m) = -m**2 - 2*m - 1. Let w be y(-3). What is the remainder when 37 is divided by k(w)?
7
Suppose 0 = -5*j + 123 + 32. Suppose -4*z - 42 = -190. Suppose z - 4 = 3*i. Calculate the remainder when j is divided by i.
9
Suppose 5*w = -5*u + 100, -83 = -5*u + 4*w + 35. Let r = 38 - u. Calculate the remainder when (-150)/(-8) - (-4)/r is divided by 7.
5
Let g(p) = 8*p**3 - 5*p**2 + 3*p. Let c(f) = -f**3 + 4*f**2 + 3*f + 1. What is the remainder when g(2) is divided by c(